emainder when 163 is divided by 26.
7
Calculate the remainder when 829 is divided by 163.
14
Calculate the remainder when 33406 is divided by 36.
34
Calculate the remainder when 444 is divided by 33.
15
What is the remainder when 7058 is divided by 66?
62
What is the remainder when 401 is divided by 103?
92
What is the remainder when 1427 is divided by 265?
102
What is the remainder when 4141 is divided by 148?
145
Calculate the remainder when 138 is divided by 28.
26
Calculate the remainder when 712 is divided by 62.
30
What is the remainder when 244 is divided by 7?
6
Calculate the remainder when 1990 is divided by 18.
10
What is the remainder when 130 is divided by 23?
15
What is the remainder when 262 is divided by 153?
109
What is the remainder when 140 is divided by 26?
10
Calculate the remainder when 139 is divided by 12.
7
What is the remainder when 169 is divided by 59?
51
What is the remainder when 3567 is divided by 39?
18
What is the remainder when 357 is divided by 9?
6
What is the remainder when 84 is divided by 37?
10
Calculate the remainder when 219 is divided by 35.
9
Calculate the remainder when 48 is divided by 23.
2
What is the remainder when 1260 is divided by 43?
13
What is the remainder when 122 is divided by 26?
18
What is the remainder when 31218 is divided by 14?
12
Calculate the remainder when 311 is divided by 89.
44
What is the remainder when 79 is divided by 10?
9
Calculate the remainder when 8266 is divided by 159.
157
What is the remainder when 290 is divided by 14?
10
What is the remainder when 572 is divided by 119?
96
What is the remainder when 236 is divided by 125?
111
What is the remainder when 91 is divided by 39?
13
What is the remainder when 208 is divided by 79?
50
What is the remainder when 153 is divided by 136?
17
Calculate the remainder when 9494 is divided by 23.
18
What is the remainder when 527 is divided by 260?
7
Calculate the remainder when 19 is divided by 16.
3
What is the remainder when 10877 is divided by 136?
133
Calculate the remainder when 398 is divided by 196.
6
Calculate the remainder when 285 is divided by 36.
33
What is the remainder when 257 is divided by 29?
25
What is the remainder when 141 is divided by 49?
43
What is the remainder when 2824 is divided by 204?
172
What is the remainder when 18 is divided by 13?
5
Calculate the remainder when 211 is divided by 96.
19
Calculate the remainder when 61 is divided by 21.
19
What is the remainder when 1159 is divided by 36?
7
What is the remainder when 1227 is divided by 123?
120
What is the remainder when 313 is divided by 5?
3
Calculate the remainder when 8858 is divided by 422.
418
Calculate the remainder when 4948 is divided by 11.
9
Calculate the remainder when 42 is divided by 28.
14
Calculate the remainder when 296 is divided by 149.
147
Calculate the remainder when 2333 is divided by 580.
13
What is the remainder when 20 is divided by 15?
5
Calculate the remainder when 192 is divided by 70.
52
What is the remainder when 763 is divided by 153?
151
What is the remainder when 7932 is divided by 69?
66
What is the remainder when 254 is divided by 37?
32
Calculate the remainder when 39 is divided by 13.
0
Calculate the remainder when 59 is divided by 27.
5
What is the remainder when 326 is divided by 49?
32
Calculate the remainder when 59 is divided by 10.
9
Calculate the remainder when 35 is divided by 19.
16
What is the remainder when 1463 is divided by 23?
14
Calculate the remainder when 28 is divided by 11.
6
Calculate the remainder when 2169 is divided by 28.
13
Calculate the remainder when 1102 is divided by 12.
10
Calculate the remainder when 173 is divided by 46.
35
Calculate the remainder when 5321 is divided by 127.
114
What is the remainder when 560 is divided by 71?
63
What is the remainder when 64 is divided by 17?
13
What is the remainder when 1003 is divided by 126?
121
Calculate the remainder when 172 is divided by 58.
56
Calculate the remainder when 56 is divided by 3.
2
Calculate the remainder when 162 is divided by 41.
39
What is the remainder when 48 is divided by 22?
4
What is the remainder when 259 is divided by 13?
12
Calculate the remainder when 310 is divided by 121.
68
What is the remainder when 1140 is divided by 80?
20
Calculate the remainder when 1655 is divided by 36.
35
Calculate the remainder when 496 is divided by 50.
46
Calculate the remainder when 38 is divided by 12.
2
What is the remainder when 1021 is divided by 64?
61
Calculate the remainder when 329 is divided by 46.
7
Calculate the remainder when 112 is divided by 15.
7
What is the remainder when 285 is divided by 13?
12
Calculate the remainder when 329 is divided by 24.
17
What is the remainder when 12 is divided by 12?
0
What is the remainder when 96 is divided by 42?
12
What is the remainder when 1366 is divided by 24?
22
Calculate the remainder when 197 is divided by 69.
59
What is the remainder when 5968 is divided by 46?
34
Calculate the remainder when 333 is divided by 8.
5
What is the remainder when 5812 is divided by 20?
12
Calculate the remainder when 33 is divided by 8.
1
What is the remainder when 132 is divided by 42?
6
What is the remainder when 1101 is divided by 138?
135
What is the remainder when 55 is divided by 36?
19
Calculate the remainder when 5498 is divided by 22.
20
What is the remainder when 1033 is divided by 6?
1
What is the remainder when 270 is divided by 228?
42
What is the remainder when 71 is divided by 47?
24
Calculate the remainder when 2681 is divided by 46.
13
What is the remainder when 655 is divided by 7?
4
What is the remainder when 27 is divided by 16?
11
What is the remainder when 33 is divided by 12?
9
What is the remainder when 2664 is divided by 29?
25
Calculate the remainder when 47 is divided by 38.
9
Calculate the remainder when 98 is divided by 20.
18
What is the remainder when 13974 is divided by 25?
24
Calculate the remainder when 175 is divided by 11.
10
Calculate the remainder when 76 is divided by 49.
27
Calculate the remainder when 144 is divided by 53.
38
What is the remainder when 123 is divided by 9?
6
Calculate the remainder when 7202 is divided by 21.
20
Calculate the remainder when 356 is divided by 114.
14
What is the remainder when 450 is divided by 61?
23
What is the remainder when 189 is divided by 85?
19
What is the remainder when 5578 is divided by 20?
18
Calculate the remainder when 18 is divided by 15.
3
Calculate the remainder when 421 is divided by 85.
81
What is the remainder when 156 is divided by 8?
4
What is the remainder when 65 is divided by 53?
12
What is the remainder when 1957 is divided by 22?
21
What is the remainder when 1938 is divided by 97?
95
Calculate the remainder when 149 is divided by 25.
24
Calculate the remainder when 5042 is divided by 187.
180
Calculate the remainder when 49 is divided by 32.
17
Calculate the remainder when 14877 is divided by 20.
17
Calculate the remainder when 4658 is divided by 9.
5
What is the remainder when 1710 is divided by 26?
20
Calculate the remainder when 359 is divided by 12.
11
Calculate the remainder when 741 is divided by 245.
6
Calculate the remainder when 455 is divided by 39.
26
What is the remainder when 305 is divided by 14?
11
What is the remainder when 1714 is divided by 14?
6
What is the remainder when 7187 is divided by 153?
149
Calculate the remainder when 96 is divided by 55.
41
Calculate the remainder when 355 is divided by 12.
7
What is the remainder when 3821 is divided by 78?
77
Calculate the remainder when 27 is divided by 23.
4
What is the remainder when 63 is divided by 34?
29
What is the remainder when 206 is divided by 3?
2
What is the remainder when 574 is divided by 36?
34
Calculate the remainder when 1919 is divided by 103.
65
What is the remainder when 77 is divided by 53?
24
What is the remainder when 161 is divided by 78?
5
What is the remainder when 106 is divided by 11?
7
What is the remainder when 282 is divided by 102?
78
Calculate the remainder when 3987 is divided by 133.
130
What is the remainder when 37 is divided by 20?
17
What is the remainder when 464 is divided by 151?
11
What is the remainder when 493 is divided by 293?
200
What is the remainder when 623 is divided by 141?